 -3*u + 0*l + 47 = 2*l, -k*u = 4*l - 77. Calculate the remainder when 50 is divided by u.
16
Let g be -4*((-27)/6 + -1). Let t = g - 9. Calculate the remainder when t is divided by (1 + -4)*24/(-9).
5
Let g = -11 + 17. Suppose f - 5*z = 30, 4*f = -5*z + g*z + 25. What is the remainder when f is divided by 3?
2
Suppose -2*g - 11 - 84 = -3*k, -k = -3*g - 34. Calculate the remainder when (-246)/(-4)*(-28 - -30) is divided by k.
30
Let o = 11 + 5. Let q be 4/o*14*6. What is the remainder when 40 is divided by ((-16)/4)/((-6)/q)?
12
Let p(f) = -f + 11. Suppose 0 = 3*h + h + 52. Let q(s) = 46*s**2 + 1. What is the remainder when q(-1) is divided by p(h)?
23
Let c(h) = -h**3 + 5*h**2 + 5*h + 5. Let n(q) = q**3 + 8*q**2 + 5*q - 2. Let i be n(-7). Let b = i - 1. Calculate the remainder when c(5) is divided by b.
8
Let z(n) be the third derivative of -n**4/4 - 7*n**3/3 + 13*n**2. Calculate the remainder when z(-7) is divided by 8.
4
Let h(i) = -4*i**3 + i**2 + 2*i + 1. Let g be h(-1). Let u be (-3)/2*g/(-3). What is the remainder when (-130)/(-4) - (-1)/u is divided by 9?
6
Let p(w) = 17*w**2 + 136*w + 5. Let d(f) = -f**2 + 7*f - 2. What is the remainder when p(-8) is divided by d(6)?
1
Let u(p) = 31*p**2 - 5*p + 9. Calculate the remainder when u(2) is divided by 9.
6
Let f be 3/(-12)*(-19 + 7). What is the remainder when (-254)/(-6) + (-20)/6 + f is divided by 11?
9
Let t(n) be the second derivative of n**5/20 - n**4/6 - n**3/6 + 41*n**2 - 14*n. What is the remainder when t(0) is divided by 21?
19
What is the remainder when 9726/15 - (-42)/(-105) is divided by 93?
90
Calculate the remainder when 132 - (4 + (-3)/15*0) is divided by 6.
2
What is the remainder when 22 is divided by ((-9)/6)/((-8)/((-512)/(-12)))?
6
Suppose 3*c - 4 = -w - 25, 5*c = 2*w + 97. Let l be (-8)/(-2)*w/(-8). Suppose -b + l = 1. Calculate the remainder when 66 is divided by b.
15
Suppose -2*i + 2*n = -0*n - 14, n + 15 = 5*i. Suppose 4*s - q = 179, 2*s = 5*s - i*q - 133. What is the remainder when s is divided by 12?
9
Suppose t = 6*t. Suppose -2*v + t*v = -52. What is the remainder when ((-44)/(-6))/((-4)/(-42)) is divided by v?
25
Suppose 4*z + 93 = 5*h, 4*h - 2*z - 81 = -z. What is the remainder when h is divided by 11?
10
Let p(v) = -2*v + 3. Let m = 0 + -5. What is the remainder when p(m) is divided by (-4 - -3) + 2 + 16/4?
3
Let z(q) = 156*q**2 + 2*q + 1. Let w be z(1). Suppose 4*c + 4 = -4, 3*s + 3*c = w. What is the remainder when s is divided by 20?
15
Let b(v) = -v**3 - 18*v**2 + 18*v + 14. Let p be b(-19). Suppose -p = -0*a - 3*a. Calculate the remainder when a is divided by 7.
4
Suppose -32 = -4*i + 2*i. Let w = 31 - i. Let m = 3 + 1. Calculate the remainder when w is divided by m.
3
Calculate the remainder when 185 is divided by (-69)/(-23)*(0 - (1 - 10)).
23
Let k = -328 + 336. What is the remainder when 67 is divided by k?
3
Let v(f) = f**3 - 34*f**2 + 46*f - 81. Calculate the remainder when v(33) is divided by 50.
48
Suppose 0 = 2*x - 8 - 4. Calculate the remainder when 116/19 - (-5)/(190/(-4)) is divided by x.
0
Suppose 0 = -325*b + 321*b + 476. Calculate the remainder when b is divided by 40.
39
Suppose -3*t - 25 = -4*t + 3*l, -25 = -5*t - 5*l. Let v = -9 - -12. Suppose 4*n - 9 - v = 0. What is the remainder when t is divided by n?
1
Suppose -16 - 10 = -2*r. Suppose -4*i + 5*i = r. Let k = 3 - -1. What is the remainder when i is divided by k?
1
Suppose -59*l = 5*v - 57*l - 195, -4*v - l = -159. What is the remainder when 691 is divided by v?
35
Calculate the remainder when 76 is divided by ((-268)/(-3))/4 + 20/(-60).
10
Let j(a) = 2*a**2 + 9*a + 8. Calculate the remainder when 26 is divided by j(-5).
0
Suppose 0 = 2*q + 2*r + 2*r - 1042, 2*r = -2*q + 1034. Suppose 6*z - 15*z = -q. Calculate the remainder when z is divided by 15.
12
Let s(i) = -5*i**2 - 2*i + 11. Let p(x) = 7*x**2 + 3*x - 16. Let m(o) = -5*p(o) - 8*s(o). Calculate the remainder when m(-5) is divided by 19.
17
Let r = 1 + 3. Suppose r*m - 4*w - 64 = 0, m + w = -m + 41. Let g(i) = 6*i**2 - i. What is the remainder when m is divided by g(-1)?
5
Let k = 153 + -61. Suppose -5*p + 38 = -k. What is the remainder when 129 is divided by p?
25
Suppose -2*z = 3*z - 310. Suppose 5*v + 38 = -2. Let k = v + 29. What is the remainder when z is divided by k?
20
Suppose 11*u - 16 = 3*u. Suppose -2*h = -3*b - b - 28, h - 3*b - 11 = 0. Suppose -u*n = -0*n - h. Calculate the remainder when 37 is divided by n.
7
Let t = -190 - -97. Suppose -2*o + 4*u + 38 = 0, -3*o + 21 = -4*u - 26. What is the remainder when t/(-6) - (-2)/(-4) is divided by o?
6
Let a(u) = 8*u + 439. Calculate the remainder when a(36) is divided by 8.
7
Let w be (-40)/(-20) + 144/2. Let j = -46 + w. What is the remainder when j is divided by 15?
13
Let x = -118 - -200. Let k = -73 + x. What is the remainder when 141 is divided by k?
6
Let d = 80 - 52. Let p = d + -24. Calculate the remainder when 11 is divided by p.
3
Let j = -756 + 913. What is the remainder when j is divided by 52?
1
Suppose 5*l - 148 = -i, 16*l + 307 = 2*i + 15*l. What is the remainder when i is divided by 32?
25
Suppose -107*a = -92*a - 180. Calculate the remainder when 38 is divided by a.
2
Let c be (-3)/((5/(-15))/((-4)/18)). Let q(d) = -2*d**3 + 4*d**2 + 4*d. What is the remainder when 54 is divided by q(c)?
6
Let a be (-48)/(-2)*3*(-3)/(-18). Suppose -4*w + 52 = a. What is the remainder when 29 is divided by w?
9
Let l = 493 - 475. What is the remainder when l is divided by 3?
0
Let d be 2650/20*4/10. Suppose -7 = 2*b - d. Calculate the remainder when b is divided by 12.
11
Let g(a) be the third derivative of -1/6*a**4 + 0*a - 4*a**2 + 7/6*a**3 + 0. Calculate the remainder when g(-8) is divided by 10.
9
Suppose -2313*j + 2322*j - 5157 = 0. What is the remainder when j is divided by 12?
9
Let w(t) = 47*t - 712. What is the remainder when w(60) is divided by 57?
56
Suppose -5*q - 82 = -2*r, 85 = 2*r + r + 2*q. Suppose -2*l = -r - 5. Calculate the remainder when 47 is divided by l.
11
Let y = 28 + -63. Let u = y - -44. What is the remainder when u is divided by 3?
0
Let n(z) = -137*z**3 - 2*z**2 - 17*z - 16. What is the remainder when 419 is divided by n(-1)?
11
Let b be 32/(-4)*1*1. Let w be 15/20 + (-10)/b. Suppose 0 = -w*v + 18 + 12. Calculate the remainder when v is divided by 4.
3
Let p(l) = -12*l + 12. Let s = -46 + 40. Let q(x) = -28*x**3 + x**2 - x - 1. What is the remainder when p(s) is divided by q(-1)?
26
Let h = 7 - -14. Suppose 0 = -z - 3*z + 152. Calculate the remainder when z is divided by h.
17
Suppose -226 - 702 = -32*k. Calculate the remainder when 4/3*(1 - -62) is divided by k.
26
Let d be (-6 + 6)*(-2)/(-4). Suppose -3*q = -9 - d. Suppose 6*r = 3*r + q. What is the remainder when r is divided by 1?
0
Let x(v) = -6*v**3 + 2*v**2 - 7*v - 8. What is the remainder when x(-3) is divided by 56?
25
Let y be -9 + 2 - (-1 - 0). Let r = y - -10. What is the remainder when ((-651)/(-558))/((-1)/(-6)) is divided by r?
3
Suppose 0 = m - 5*j + 28, -2*m + 6*m + 3*j = -20. Let g = -65 - -94. What is the remainder when 854/10 + m/20 is divided by g?
27
Let l = -10 + 10. Suppose 3*d - 3*z - 48 = 0, 2*d - 32 = -l*z - z. What is the remainder when (1 - 52/10)*-15 is divided by d?
15
Let z be 27/(-18) + 698/4. Suppose c - 87 = -3*l - 4*c, z = 5*l - c. Calculate the remainder when l is divided by 12.
10
Let a(s) = -6*s - 12. Let u be a(-2). Suppose f - 26 = -q, 4*f + 15 + 1 = u. Calculate the remainder when 86 is divided by q.
26
Let b(d) = 2*d**2 - 9*d + 8. Let n(s) = s**2 - 5*s + 4. Let t(y) = 6*b(y) - 10*n(y). Calculate the remainder when t(2) is divided by 7 + -1 + -2 + 2.
2
Let k(h) = h + 3. Suppose 0 = 4*m - 1 + 5. Let x be (-3)/(2*m/6). What is the remainder when k(x) is divided by 7?
5
Suppose 3*v = -10 + 16. Suppose 2*t = 4*z + t - 54, v*z - 24 = 2*t. Calculate the remainder when 67 is divided by z.
11
Calculate the remainder when 27 + 6 + (-24)/3 is divided by 6.
1
Suppose 2*w = x - 4, 18*x - 2*w + 26 = 20*x. What is the remainder when 46 is divided by x?
6
Suppose 4 = 5*k - 6. Let x(q) = q + 4. Calculate the remainder when x(0) is divided by 4 + (k - 4/1).
0
Let i(j) be the third derivative of -j**4/8 - 5*j**3/2 - 13*j**2. What is the remainder when 69 is divided by